e 0*a + 4*a + 4 = 0. What is h(a)?
2
Let q(p) = 8*p**2 + 6*p + 3. Let v(d) = 8*d**2 + 11*d + 3. Let z(t) = -3*q(t) + 2*v(t). Calculate z(2).
-27
Let y(s) = s**2 + 6*s - 6. Let j be (-10)/20*-14*-1. Determine y(j).
1
Let z be (1 - (-4)/(-6))/(11/66). Let h(a) = 4*a**2 + 6*a + 6. Let o(w) = 3*w**2 + 7*w + 7. Let q(i) = z*h(i) - 3*o(i). What is q(-8)?
-1
Let m(j) be the third derivative of -j**4/12 + 10*j**3/3 - 686*j**2. What is m(9)?
2
Let u be (-43 - -55)/(-2 - -1). Let y(c) = 2*c + 14. What is y(u)?
-10
Let a(f) = -f**2 + 3*f. Let x = -226 - -228. What is a(x)?
2
Suppose t = 5*n - 64, 34 = 2*n - t + 6. Suppose 4*g + 0*g - 4*c - n = 0, 4*c - 30 = -3*g. Let p(b) = -b + 1. What is p(g)?
-5
Let j(s) = -51*s - 1 + 103*s + 2 - 53*s + 3. Let f(v) = v**2 + v - 3. Let n be f(-4). Give j(n).
-5
Let a(f) be the second derivative of f**4/12 + 3*f**3/2 + 6*f**2 + 96*f. What is a(-5)?
-8
Let h be (1 - 2) + (2 - -1). Suppose -3*r + 4*b - 4 = 0, -2*r = h*r + 4*b - 32. Let u(l) = l**2 - 8*l + 3. Give u(r).
-13
Suppose -2*u - 4 = 0, -22 + 28 = n - 2*u. Let l(z) = -13*z + 25. Determine l(n).
-1
Let a(n) = 2*n**2 + n**2 - 4*n**2 - n**3 + 0*n**2 - n. Give a(0).
0
Let i(m) = -m**2 + 5*m + 21. Let n be (-30 - -38)*(6/(-3))/(-2). Calculate i(n).
-3
Let q(u) = -7*u + 59 - 10 - 22 + 2*u**2 - 21 - 6*u. What is q(5)?
-9
Let v(z) = -z**3 + 2*z**2 - 2*z - 1. Suppose j - 6 = -x, 0*j + 4*j = -3*x + 21. Let i be 4 - (-3 + 6/x). Suppose -a + 7 = -i*m, a - 3*m + 3 = -8*m. Give v(a).
-5
Let z = -2588 + 2588. Let d(i) be the second derivative of z*i**2 + 0 + 1/6*i**3 + 3*i. Give d(-4).
-4
Let k(l) = -2*l**2 - 4*l - 2. Let a be (-100)/24 - 30/36. Calculate k(a).
-32
Let t(s) = -3*s**2 - 4*s + 4. Let a be t(1). Let j(h) = -h**2 + 3*h - 2. What is j(a)?
-20
Let j(f) = -f - 4. Let z(m) = m**3 - 15*m**2 + 16*m - 36. Let b be z(14). Determine j(b).
4
Let f(d) = -296 - d**2 - 10*d + 262 + 31. Let x(i) = i - 7. Let v be x(0). Calculate f(v).
18
Suppose -53*c - 23 = -54*c. Let m(k) = -2*k + 45. What is m(c)?
-1
Suppose -5*a - 4*z + 14 = 0, -4*a + 3 = -z - 4. Suppose -f + 60 = 3*f - 3*n, 4*n = -f + 34. Let j(q) = f*q**2 + 19*q**2 - 36*q**a. What is j(-1)?
1
Let z(r) = r - 5. Let x be ((-1)/(-3))/((-1)/9). Let f = x + -3. Let k = -2 - f. Give z(k).
-1
Suppose 3*d - 1 + 2 = 2*o, 3*o + 15 = -d. Let z(x) = -x + 4. Determine z(d).
7
Suppose 60 = -4*w - 4*n + 7*n, w = 5*n - 32. Let p(u) = u**3 + 12*u**2 + u + 8. What is p(w)?
-4
Let l = -52 + 67. Suppose -10 = l*f - 10*f. Let y(d) = -d**2 + 2*d - 2. Let u(t) = -5*t**2 + 9*t - 9. Let n(v) = -2*u(v) + 9*y(v). Give n(f).
4
Let n(t) = -t**3 + 3*t**2 - t. Let q be (-38)/(-14) - (4 - 240/56). Calculate n(q).
-3
Suppose 4*w = 4, 4*o - o - 142 = 2*w. Let q(t) = 98*t - o*t - 51*t + 8. Determine q(9).
-1
Suppose 15*c = 13*c. Let x be -6*(c - (-1 + 2)). Let u be ((-4)/x)/(14/(-63)). Let r(m) = -m**3 + 3*m**2 + m + 2. What is r(u)?
5
Suppose -2*v - 3*s - 1 = -0, -2*v = s - 1. Let g(r) = 6*r + 1. What is g(v)?
7
Let z(c) = c**3 + 5*c**2 - c - 4. Suppose 56 - 14 = 2*u. Let j = -160 + 164. Suppose u = -j*v + 1. Calculate z(v).
1
Let v(q) be the first derivative of q**2/2 - q - 18. Let b = 3 + -1. Suppose -3*f = -b*f + 3. Calculate v(f).
-4
Let s(h) = h**2 - 2*h + 1. Let u = 321 + -319. Give s(u).
1
Let y(i) be the third derivative of -1/10*i**5 + 0 - 30*i**2 + 1/120*i**6 - 1/24*i**4 + 5/6*i**3 + 0*i. Calculate y(6).
-1
Let j(q) = -q**3 + 3*q**2 + 7*q + 1. Let g(k) = -k**3 + 7*k**2 + 8*k + 3. Let h be g(8). Suppose 0 = h*b + 17 - 125. Let l = -31 + b. Give j(l).
-14
Let t(s) = s**2 - 12*s - 62. Let g be t(16). Let u(j) = 3*j. Determine u(g).
6
Let f(m) = 0*m - m + 3*m - 1 + 0*m. Let g be f(2). Let p(s) = s - 1. What is p(g)?
2
Let a(k) = k + 7. Let n be a(-6). Let g(b) = -7*b + n + 0 + 4 + 4*b**2 + 3*b + b**3. Suppose -2*h + 2*d = 10, -6*h + 3*d = -4*h + 10. Determine g(h).
0
Let k(o) = 5*o**2 - o + 7. Suppose -2*i = -5*d - 15, -3*d - 4*i = -0*d - 17. Let s(u) = u**2 + u + 1. Let l(p) = d*k(p) + 4*s(p). Give l(4).
1
Let s(w) be the first derivative of 0*w**2 - w + 9 + 7/3*w**3. Let f be (9/(-12) - -1)*4. Calculate s(f).
6
Suppose 8*p = -5*p. Let m(n) be the second derivative of -1/6*n**3 + 0*n**2 + p + 6*n. Give m(1).
-1
Let s(p) be the second derivative of -p**3/3 - 5*p + 4. Determine s(0).
0
Let c(x) = x**3 - 6*x**2 - 13*x + 13. Let n be c(8). Let m = n - 41. Let p(z) = -3*z - 1. Give p(m).
11
Let r(v) = -3. Let f(i) = -4*i - 20. Let b(c) = f(c) - 5*r(c). Calculate b(-5).
15
Let x = -4 + 31. Let r(g) = 3*g + 4 - 3 - g**3 - 25*g**2 + x*g**2. Calculate r(3).
1
Let a(d) = -14*d - 3 + 4 + 17*d - 7*d - d. Let n(f) = -f**3 - 7*f**2 + 7*f - 7. Let u be n(-8). Give a(u).
-4
Let z(s) = -2*s - 2. Let u(l) = -l**3 - 28*l**2 - 30*l - 79. Let k be u(-27). Determine z(k).
-6
Let m(p) be the third derivative of -p**5/60 + p**4/24 + 2*p**3/3 - 2*p**2. Let b = 4 - 0. Give m(b).
-8
Let d(t) = 5*t - 39. Let z be d(15). Let u(w) = w - 3. Let a be u(6). Suppose -y - z + 12 = -5*m, 3*y - a = 0. Let s(o) = -o**3 + 4*o**2 + 5*o. Give s(m).
0
Let b(k) = 39*k**2 + 4*k - 7. Let s(z) = -26*z**2 - 3*z + 5. Let r(t) = 5*b(t) + 7*s(t). Let a(j) = -3*j - 14. Let n be a(-5). Give r(n).
12
Suppose -4*a + 10 = 2. Let g(s) = -9*s - s**3 - 9 + 10*s**a + 10 - 5. Let v be g(9). Let q(m) = -2*m - 3. What is q(v)?
5
Let r be (-9)/15 + (-2)/5. Let h(t) = -1 - 3 + 4 + 4. Let b(y) = y - 3. Let f(a) = -4*b(a) - 3*h(a). What is f(r)?
4
Let a(t) = -t**3 - 6*t**2 + 5*t - 1. Suppose 8*k - 373 = 403. Let o = 90 - k. Calculate a(o).
13
Let a(r) be the third derivative of -1/60*r**5 + 12*r**2 + 1/3*r**4 + 0*r + 0 - 1/2*r**3. Let s(p) = 2*p - 6. Let l be s(6). Calculate a(l).
9
Suppose 3*o - 15 = -3*x, -x + o + 2*o = 7. Let h(a) = 2*a - 1. Let l(w) = 2*w. Let j(z) = -2*h(z) + l(z). Calculate j(x).
-2
Let q(n) = 3*n**2 - n. Suppose 2*v = -6 + 16. Suppose -3*m = 3*c + 3, 4*c = 9*m - 4*m + v. Determine q(m).
4
Let l(p) = p**3 - p**2 + p - 1. Let m(g) be the second derivative of -g**5/5 - 4*g**3/3 - 3*g**2/2 + 29*g. Let d(k) = -5*l(k) - m(k). What is d(6)?
-10
Let w(q) be the third derivative of -q**4/12 + 7*q**3/6 - 5*q**2. Let d(k) = 2*k - 21. Let n be d(13). What is w(n)?
-3
Let l(f) = 9*f**3 - 9*f**3 - f**2 - 10*f**3. Let m = -9 + 7. Let i be m*(1 + (-6)/4). What is l(i)?
-11
Let h(y) = 7*y**2 + 2*y - 3. Let l(m) = 2*m**2 - 3*m - 6. Let c(f) = f**2 - 4*f - 7. Let n(j) = -4*c(j) + 5*l(j). Let i(k) = -2*h(k) + 3*n(k). Give i(-1).
5
Suppose -4*f + 4*q + 4 = 0, 0*f - 16 = 4*f + q. Let s(c) = -c**3 - 6*c**2 + 3*c. Calculate s(f).
-36
Let v(c) = -c**2 + 4 - 5 + 8 - 5*c. Give v(-7).
-7
Suppose -y + 36 = 3*y - 2*b, -3*y + b + 27 = 0. Let j(f) = f**3 - 9*f**2 + 2*f - 12. Give j(y).
6
Let m(o) = 2*o**2 + 10*o + 2. Let z(d) = 2*d**2 + 9*d + 1. Let c(r) = -4*m(r) + 5*z(r). Determine c(3).
30
Suppose -141 = -32*a - 45. Let o(k) be the second derivative of -k**4/12 + k**3/2 - k**2 + k. Give o(a).
-2
Suppose 4*j - 28 = -3*t, -2*j + 0*j = -2*t. Let q(y) = -14*y**2 + 8*y + 4. Let i(m) = 3*m**2 - m - 2. Let l(a) = -5*i(a) - q(a). Give l(j).
-22
Let w(q) = q**3 + 7*q**2 + 3*q + 2. Let x = 645 + -652. What is w(x)?
-19
Let k(b) = b**2 + 5*b - 1. Let w(o) = 3*o**2 + 11*o - 3. Let t be 0 + (-8 - (2 - 5)). Let q(v) = t*k(v) + 2*w(v). Calculate q(5).
9
Let a be (-217)/62 + 30/4. Let p(q) = -q**3 + 4*q**2 + 5*q - 7. Determine p(a).
13
Let k(r) be the first derivative of 0*r**2 - 1/3*r**3 + 1/120*r**6 - 6 - 1/12*r**4 + 0*r - 1/60*r**5. Let j(n) be the third derivative of k(n). Determine j(2).
6
Suppose -2*b = 2 + 10. Let g(m) = -76*m - m**3 - 76*m - 3*m**2 - 4 + 1 + 158*m - 2*m**2. Determine g(b).
-3
Let l(h) = 2*h**2 + 4*h - 20. Suppose 0 = -4*f - 2*c + 2, 6*c = f + 2*c - 23. Let m be l(f). Let r(q) = q**3 - 9*q**2 - 9*q - 5. What is r(m)?
5
Let a = -60 - -58. Let s(j) be the second derivative of j**3/6 + j**2/2 - j. What is s(a)?
-1
Suppose -2*d - p - 17 = 0, -6*p + 3*p + 5 = -d. Let u(v) = v**3 + 9*v**2 + 5*v - 5. What is u(d)?
19
Let r(q) = 6*q**3 + q**2 - 2*q + 1. Suppose 496*t + 8 = 504*t. Determine r(t).
6
Let w(y) = 2*y**3 - y**2 - 2*y - 1. Suppose o = 5*f + 18, 4*f + 34 = -37*o + 28*o. Calculate w(o).
-17
Let x(r) = 33*r**3 - 2*r - 2*r**2 + 4 - 15*r**3 - 3 - 17*r**3. Calculate x(3).
4
Let c(j) = -j**3 + 11*j**2 + 23*j + 4